 divided by l.
14
Let u(x) = -51*x + 550. What is the remainder when 103 is divided by u(10)?
23
Suppose -14*x = -11*x + 12540. What is the remainder when x/66*9/(-5) is divided by 41?
32
Suppose -54 = 2*n - 304. Let q = -123 - -279. Suppose -11*v = -207 - q. What is the remainder when n is divided by v?
26
Let r(u) = -28*u + 2*u**3 - 105*u**2 + 8 + 17 + 79*u**2. Calculate the remainder when 81 is divided by r(14).
6
Let a = -10046 + 10714. What is the remainder when a is divided by 56?
52
Calculate the remainder when 905 is divided by ((-100)/(-30))/((-35)/(-798)).
69
Suppose 14*h = -453 + 4443. Calculate the remainder when h is divided by 110.
65
Let l be ((-5)/(135/(-36)))/(1/168). Let t = l + -220. Calculate the remainder when 13 is divided by t.
1
Let v(b) = 2*b**3 + b**2 + b - 4. Suppose -5 - 3 = -4*c. What is the remainder when 109 + (714/(-189) - 2/9) is divided by v(c)?
15
Let k = -276 + 284. Let h = 8 - 14. Let d(v) = -2*v**2 - 13*v + 7. Calculate the remainder when d(h) is divided by k.
5
Suppose 20 = 3*z - 4*q, -27*q + 29*q = 5*z - 52. Suppose 3*o - 28 = 116. Suppose 4*u = -2*u + o. Calculate the remainder when z is divided by u.
4
Calculate the remainder when 12699/166*(176/30)/(6/30) is divided by 25.
19
Suppose -21*p + 28358 - 4523 = 0. Calculate the remainder when p is divided by 559.
17
Suppose 3*v = -5*f + 1508, 2104 = 2*v + 2102. Calculate the remainder when f is divided by 281.
20
Suppose 19*b + 14*b - 31482 = -21*b. What is the remainder when b is divided by 94?
19
Let p = -31 + 137. Suppose -44*v = -1441 + 253. What is the remainder when p is divided by v?
25
Calculate the remainder when 7128/16*3*6/(-18)*-2 is divided by 30.
21
Let d be 3143/35*10/(-8)*-20. Suppose 3*k - d = -4*q, 16*q - 5*k = 17*q - 540. Calculate the remainder when q is divided by 21.
19
Suppose 2*x + 4 = 0, 0 = -4*q + 87*x - 86*x + 10598. Calculate the remainder when q is divided by 26.
23
What is the remainder when (-1)/((-66)/23490) + 1/11 is divided by 88?
4
Let g(p) = 2*p**2 - 33*p + 34. Let o be g(16). Suppose -o*s = -9*s - 189. What is the remainder when s is divided by 4?
1
Let b(m) = 5*m - 31. Let d be b(7). Suppose -d*r + 29 = -35. Calculate the remainder when 398 is divided by r.
14
Let z be -1*(3 - 6 - -4)*4. Let a = 1 + z. Let k = a - -29. What is the remainder when 75 is divided by k?
23
Let n(s) = s**2 - 104*s + 807. Calculate the remainder when 4266 is divided by n(96).
15
Let l(y) = y**3 + 4*y**2 - 6*y - 2. Let j be l(-5). Suppose 63 = -j*v - 60. Let q = v - -80. Calculate the remainder when q is divided by 22.
17
Let y = 460 + 662. Suppose y = 20*c - 998. Calculate the remainder when c is divided by 27.
25
Suppose -o - 3*v - 174 + 28 = 0, 0 = 3*o + 5*v + 446. Let k = -125 - o. What is the remainder when (4/(-2))/((-4)/210) is divided by k?
24
Suppose -6*l + 2*o = -5*l + 46, 2*o - 270 = 5*l. Calculate the remainder when (36/72)/((-2)/l) is divided by 8.
6
Suppose -351*i = -365*i + 3416. Let g be (-28)/(-4) + (2 - 0). Suppose i - 667 = -g*b. Calculate the remainder when b is divided by 24.
23
Let m(z) = 11*z + 22. Let a be m(0). Suppose -16*v + a = -5*v. What is the remainder when v is divided by 1?
0
Let f(t) = t**3 + 6*t**2 + 6*t + 8. Let u = 91 - 96. Calculate the remainder when 14 is divided by f(u).
2
Let b(a) = -a**2 + a + 102. Let i(p) = -11*p**2 + 5*p + 24. Let n be i(7). Calculate the remainder when b(0) is divided by (1/(4 + -2))/((-16)/n).
12
Let z = 29896 + -22808. What is the remainder when z is divided by 2360?
8
Suppose -29*s = -75*s + 65458. What is the remainder when s is divided by 95?
93
Let v(d) = -1121*d + 2009. Calculate the remainder when v(1) is divided by 95.
33
Suppose 31 = 2*n - 2*v - 103, -25 = -5*v. Let t = -72 + n. Suppose -5*a = 2*g - 63, -36 = -g - t*a - a. What is the remainder when g is divided by 15?
9
Let o = -7334 + 7498. What is the remainder when o is divided by 92?
72
Suppose 108 = -4*n + 536. What is the remainder when n is divided by 322/6 - ((-80)/(-600) - (-74)/(-30))?
51
Suppose 18 = -3*n + 2*q + 62, 2*n + 4*q = 24. Suppose -4*c + 0 = 2*w - 34, 4*c - 29 = -w. Calculate the remainder when n is divided by c.
2
Suppose 4*m - 4*j = 0, m - 5*j = -m. Suppose m = -5*y + 4*p + 175, 3*p - p + 10 = 0. Calculate the remainder when y is divided by 12.
7
Suppose 813*k = s + 808*k - 1273, 2624 = 2*s + 3*k. What is the remainder when s is divided by 85?
28
Let r(l) = l**3 - 7*l**2 + 3*l + 1. Let c be r(3). Let y be (-465)/(-45)*(4 - 1). Let g = c + y. Calculate the remainder when 15 is divided by g.
0
Suppose 5*t = 5*m, -2*m + 2*t = -t. Suppose 3*y - 6*v + 4*v - 75 = m, 40 = 2*y + 2*v. Calculate the remainder when 114 is divided by y.
22
Suppose 0 = -5*x - 103 - 122. What is the remainder when 166 is divided by (-1971)/x - (-4)/(-5)?
37
Let y = 30 - 44. Suppose -3*n = 6 - 33. What is the remainder when (7/y)/(((-2)/100)/1) is divided by n?
7
Let l(h) = 394 + h**3 + 20*h - 436 + 3*h**2 - 19*h**2. Calculate the remainder when 223 is divided by l(15).
25
Suppose -q + 0*d + 17 = -d, d + 51 = 3*q. Calculate the remainder when (-96)/(-160) - (-387)/5 is divided by q.
10
Let n = 25 + -14. Let s = 747 + -1195. What is the remainder when (-666)/(-8) + 16/(s/(-21)) is divided by n?
7
Suppose 3*k = -3*o + 132, 152*k - 156*k + 146 = -2*o. What is the remainder when 90 is divided by k?
12
Let g(m) = -m**3 - 16*m**2 - 17*m - 2. What is the remainder when 43 is divided by g(-15)?
15
Let p(d) = 176*d**2 - 692*d + 9. Calculate the remainder when 169 is divided by p(4).
55
Suppose -2*f = 4*z - 198, 9 + 35 = z - 5*f. Let w(y) = 3*y**2 - 18*y - 40. Calculate the remainder when w(10) is divided by z.
31
Let r = -95 - -102. Suppose h - 88 = -2*a, 5*a + 3*h - 194 = r*h. What is the remainder when a is divided by 11?
9
Suppose 0 = 5*y - 358 - 292. Suppose -3*v + 3*l + l = -88, -4*v = l - y. Let z = 59 - v. What is the remainder when 53 is divided by z?
26
Let l(q) = -42*q**3 - q**2 - 3*q - 9. What is the remainder when l(-2) is divided by 37?
33
Let l(o) = 34*o - 167. Let u be l(5). Suppose m = 2*t - 80, -t - u*m = -7*m - 47. What is the remainder when t is divided by 20?
19
Suppose -85 = 8*w + 59. Let m(l) = l**2 + 14*l - 9. What is the remainder when m(w) is divided by 32?
31
Let y(f) = -f - 10. Let v be y(-21). Calculate the remainder when (8 + -2 - v) + 22 is divided by 9.
8
Let p = 8137 + -7170. Calculate the remainder when p is divided by 10.
7
Let q = 368 - -165. Suppose 11*r - 710 = q. Calculate the remainder when r is divided by 19.
18
Let z(d) = -194*d - 5081. Calculate the remainder when z(-29) is divided by 266.
13
Let w(r) = r**3 - 92*r**2 + 16*r - 1277. Calculate the remainder when w(92) is divided by 68.
59
Let d(j) = 2*j**3 - 5*j**2 + 2*j. Suppose 3*b + 21*z + 3 = 24*z, -5*z = -20. What is the remainder when d(b) is divided by 4?
3
Let t(i) be the second derivative of i**5/20 + i**4/2 - 5*i**3/6 - 9*i**2 - 40*i. Calculate the remainder when 59 is divided by t(-5).
27
Let i(h) = -h**2 + 14*h - 27. Let y be i(-14). Let x = -360 - y. What is the remainder when x is divided by 10?
9
Let d = -17547 + 17559. Let q(k) = -k - 3. Let p be q(-6). Calculate the remainder when d is divided by (6/1)/(p/2).
0
Let h(a) = -a - 13. Let b be h(-18). Let m(f) = -8*f + 45. Let x be m(b). Suppose -25 = -0*l - x*l. Calculate the remainder when 23 is divided by l.
3
Let d = -1383 + 1619. What is the remainder when d is divided by 10?
6
Let q(z) = -27*z - 56. Calculate the remainder when 3148 is divided by q(-3).
23
Suppose -88*y = -190*y - 113*y + 13115. Calculate the remainder when 3474 is divided by y.
58
Let f(q) = q**3 + 8*q**2 - 8*q - 44. Suppose -5*c - 32 = 4*r, 5*r + 32 = r - 4*c. What is the remainder when 107 is divided by f(r)?
7
What is the remainder when 606 is divided by ((-8)/(-12))/((-30)/36) + (-316)/(-20)?
6
What is the remainder when 2112120/540 + 10/(-3) is divided by 230?
228
Suppose 4333 = 5*d + 4*n, 3*d - 5*n = 3179 - 631. What is the remainder when d is divided by 301?
259
Calculate the remainder when 135*(68/85 + 1) is divided by 126.
117
Let t(s) = 5*s**3 - 111*s**2 + 21*s + 25. Let o be t(22). Suppose o*k + 8*p - 5*p - 18 = 0, -5*p = -4*k + 33. What is the remainder when 145 is divided by k?
5
Calculate the